{"id":79,"date":"2024-08-18T14:28:42","date_gmt":"2024-08-18T12:28:42","guid":{"rendered":"https:\/\/mathildeskropsterapi.dk\/?page_id=79"},"modified":"2024-08-25T21:47:26","modified_gmt":"2024-08-25T19:47:26","slug":"vaerd-at-vide","status":"publish","type":"page","link":"https:\/\/mathildeskropsterapi.dk\/?page_id=79","title":{"rendered":"V\u00e6rd at vide"},"content":{"rendered":"\n<div class=\"wp-block-columns is-layout-flex wp-container-core-columns-is-layout-d0b3c9c8 wp-block-columns-is-layout-flex\">\n<div class=\"wp-block-column is-layout-flow wp-block-column-is-layout-flow\"><\/div>\n\n\n\n<div class=\"wp-block-column is-layout-flow wp-block-column-is-layout-flow\"><\/div>\n<\/div>\n\n\n\n<div class=\"wp-block-columns alignwide are-vertically-aligned-top is-layout-flex wp-container-core-columns-is-layout-d7d4a205 wp-block-columns-is-layout-flex\">\n<div class=\"wp-block-column is-vertically-aligned-top is-layout-flow wp-block-column-is-layout-flow\">\n<div class=\"wp-block-group wp-container-content-231d8afb is-vertical is-content-justification-left is-nowrap is-layout-flex wp-container-core-group-is-layout-d439c89b wp-block-group-is-layout-flex\" style=\"margin-top:0;margin-bottom:0\">\n<div class=\"wp-block-group is-vertical is-nowrap is-layout-flex wp-container-core-group-is-layout-5280e479 wp-block-group-is-layout-flex\">\n<p><strong>Inden din behandling:<\/strong><\/p>\n\n\n\n<p><br><\/p>\n\n\n\n<ul class=\"wp-block-list\">\n<li>Husk kun dig selv: jeg har lagen og t\u00e6ppe til dig. <\/li>\n<\/ul>\n<\/div>\n\n\n\n<ul class=\"wp-block-list\">\n<li>Parkering kan ske p\u00e5 gr\u00e6sset foran huset eller ved &#8216;Gr\u00e6vlingehuset.&#8217;<\/li>\n<\/ul>\n<\/div>\n\n\n\n<ul class=\"wp-block-list\">\n<li>Ankom gerne t\u00e6t p\u00e5 behandlingens starttidspunkt, da jeg desv\u00e6rre ikke har ventev\u00e6relse. Min klinik er i eget hjem.<\/li>\n<\/ul>\n\n\n\n<div class=\"wp-block-group wp-container-content-231d8afb is-vertical is-content-justification-left is-nowrap is-layout-flex wp-container-core-group-is-layout-d439c89b wp-block-group-is-layout-flex\" style=\"margin-top:0;margin-bottom:0\">\n<p><\/p>\n\n\n\n<div class=\"wp-block-group is-vertical is-nowrap is-layout-flex wp-container-core-group-is-layout-5280e479 wp-block-group-is-layout-flex\">\n<ul class=\"wp-block-list\">\n<li>Kropsterapi og Japansk Lifting varer ca. 60 min. og Kombinationsbehandlingen varer ca. 90 min. inkl. tid til at komme af og p\u00e5 briksen m.m.<\/li>\n<\/ul>\n<\/div>\n\n\n\n<p><\/p>\n\n\n\n<div class=\"wp-block-group is-vertical is-nowrap is-layout-flex wp-container-core-group-is-layout-5280e479 wp-block-group-is-layout-flex\">\n<ul class=\"wp-block-list\">\n<li>Hvordan er det at v\u00e6re dig lige nu? &#8211; kan v\u00e6re et sp\u00f8rgsm\u00e5l, jeg stiller ved en kropsterapeutisk behandling. Om du kan\/vil svare, er op til dig. Det kan v\u00e6re, du har det bedst med &#8216;bare&#8217; at m\u00e6rke din krop og ikke har brug for at dele dine tanker. Eller m\u00e5ske du har brug for at f\u00e5 sagt nogle f\u00f8lelser\/tanker h\u00f8jt. En kropsterapeutisk behandling hos mig starter ikke n\u00f8dvendigvis med en samtale. Som regel vil du ligge p\u00e5 briksen, og d\u00e9r m\u00e6rke, om du har noget, du vil dele.<\/li>\n<\/ul>\n<\/div>\n\n\n\n<p><\/p>\n\n\n\n<div class=\"wp-block-group is-vertical is-nowrap is-layout-flex wp-container-core-group-is-layout-5280e479 wp-block-group-is-layout-flex\">\n<ul class=\"wp-block-list\">\n<li>Kom som du er &#8211; jeg stiller ingen krav til dig \ud83e\uddd8\ud83c\udffc<\/li>\n<\/ul>\n<\/div>\n\n\n\n<figure class=\"wp-block-image size-large is-style-rounded is-style-rounded--1\"><img loading=\"lazy\" decoding=\"async\" width=\"1024\" height=\"1024\" src=\"https:\/\/mathildeskropsterapi.dk\/wp-content\/uploads\/2024\/08\/Jeg-kan-bedst-beskrive-effekten-fra-behandlingen-som-naar-man-gaar-fra-en-fodbehandling-hvor-det-foeles-som-om-man-svaever-paa-skyerne.-2-1024x1024.png\" alt=\"\" class=\"wp-image-456\" srcset=\"https:\/\/mathildeskropsterapi.dk\/wp-content\/uploads\/2024\/08\/Jeg-kan-bedst-beskrive-effekten-fra-behandlingen-som-naar-man-gaar-fra-en-fodbehandling-hvor-det-foeles-som-om-man-svaever-paa-skyerne.-2-1024x1024.png 1024w, https:\/\/mathildeskropsterapi.dk\/wp-content\/uploads\/2024\/08\/Jeg-kan-bedst-beskrive-effekten-fra-behandlingen-som-naar-man-gaar-fra-en-fodbehandling-hvor-det-foeles-som-om-man-svaever-paa-skyerne.-2-300x300.png 300w, https:\/\/mathildeskropsterapi.dk\/wp-content\/uploads\/2024\/08\/Jeg-kan-bedst-beskrive-effekten-fra-behandlingen-som-naar-man-gaar-fra-en-fodbehandling-hvor-det-foeles-som-om-man-svaever-paa-skyerne.-2-150x150.png 150w, https:\/\/mathildeskropsterapi.dk\/wp-content\/uploads\/2024\/08\/Jeg-kan-bedst-beskrive-effekten-fra-behandlingen-som-naar-man-gaar-fra-en-fodbehandling-hvor-det-foeles-som-om-man-svaever-paa-skyerne.-2-768x768.png 768w, https:\/\/mathildeskropsterapi.dk\/wp-content\/uploads\/2024\/08\/Jeg-kan-bedst-beskrive-effekten-fra-behandlingen-som-naar-man-gaar-fra-en-fodbehandling-hvor-det-foeles-som-om-man-svaever-paa-skyerne.-2.png 1080w\" sizes=\"auto, (max-width: 1024px) 100vw, 1024px\" \/><\/figure>\n<\/div>\n<\/div>\n\n\n\n<div class=\"wp-block-column is-vertically-aligned-top is-layout-flow wp-block-column-is-layout-flow\">\n<div class=\"wp-block-group wp-container-content-231d8afb is-vertical is-layout-flex wp-container-core-group-is-layout-05b43539 wp-block-group-is-layout-flex\" style=\"margin-top:0;margin-bottom:0\">\n<figure class=\"wp-block-image size-large is-style-rounded is-style-rounded--2\"><img loading=\"lazy\" decoding=\"async\" width=\"1024\" height=\"1024\" src=\"https:\/\/mathildeskropsterapi.dk\/wp-content\/uploads\/2024\/08\/Jeg-kan-bedst-beskrive-effekten-fra-behandlingen-som-naar-man-gaar-fra-en-fodbehandling-hvor-det-foeles-som-om-man-svaever-paa-skyerne.-3-1-1024x1024.png\" alt=\"\" class=\"wp-image-462\" srcset=\"https:\/\/mathildeskropsterapi.dk\/wp-content\/uploads\/2024\/08\/Jeg-kan-bedst-beskrive-effekten-fra-behandlingen-som-naar-man-gaar-fra-en-fodbehandling-hvor-det-foeles-som-om-man-svaever-paa-skyerne.-3-1-1024x1024.png 1024w, https:\/\/mathildeskropsterapi.dk\/wp-content\/uploads\/2024\/08\/Jeg-kan-bedst-beskrive-effekten-fra-behandlingen-som-naar-man-gaar-fra-en-fodbehandling-hvor-det-foeles-som-om-man-svaever-paa-skyerne.-3-1-300x300.png 300w, https:\/\/mathildeskropsterapi.dk\/wp-content\/uploads\/2024\/08\/Jeg-kan-bedst-beskrive-effekten-fra-behandlingen-som-naar-man-gaar-fra-en-fodbehandling-hvor-det-foeles-som-om-man-svaever-paa-skyerne.-3-1-150x150.png 150w, https:\/\/mathildeskropsterapi.dk\/wp-content\/uploads\/2024\/08\/Jeg-kan-bedst-beskrive-effekten-fra-behandlingen-som-naar-man-gaar-fra-en-fodbehandling-hvor-det-foeles-som-om-man-svaever-paa-skyerne.-3-1-768x768.png 768w, https:\/\/mathildeskropsterapi.dk\/wp-content\/uploads\/2024\/08\/Jeg-kan-bedst-beskrive-effekten-fra-behandlingen-som-naar-man-gaar-fra-en-fodbehandling-hvor-det-foeles-som-om-man-svaever-paa-skyerne.-3-1.png 1080w\" sizes=\"auto, (max-width: 1024px) 100vw, 1024px\" \/><\/figure>\n\n\n\n<p><\/p>\n\n\n\n<p><\/p>\n\n\n\n<p><\/p>\n\n\n\n<p class=\"has-medium-font-size\"><strong>Efter din behandling:<\/strong><\/p>\n\n\n\n<ul class=\"wp-block-list\">\n<li>Pr\u00f8v at f\u00e5 rigeligt vand at drikke i dagene efter en behandling for at udvaske den \u00f8gede udskillelse af affaldsstoffer fra kroppens celler.<\/li>\n<\/ul>\n\n\n\n<ul class=\"wp-block-list\">\n<li>Nogle kan opleve tr\u00e6thed, hovedpine og let svimmelhed.<\/li>\n<\/ul>\n\n\n\n<ul class=\"wp-block-list\">\n<li>Forl\u00f8bet af videre behandlinger er individult efter den enkeltes behov. Jeg plejer at sige, at du skal m\u00e6rke efter hvor hyppigt, du \u00f8nsker, behandlingerne skal forekomme &#8211; ogs\u00e5 afh\u00e6ngigt af, hvordan din hverdag og kalender ser ud.<\/li>\n<\/ul>\n<\/div>\n<\/div>\n<\/div>\n\n\n\n<p><\/p>\n","protected":false},"excerpt":{"rendered":"<p>Inden din behandling: Efter din behandling:<\/p>\n","protected":false},"author":1,"featured_media":0,"parent":0,"menu_order":4,"comment_status":"closed","ping_status":"closed","template":"","meta":{"footnotes":""},"class_list":["post-79","page","type-page","status-publish","hentry"],"_links":{"self":[{"href":"https:\/\/mathildeskropsterapi.dk\/index.php?rest_route=\/wp\/v2\/pages\/79","targetHints":{"allow":["GET"]}}],"collection":[{"href":"https:\/\/mathildeskropsterapi.dk\/index.php?rest_route=\/wp\/v2\/pages"}],"about":[{"href":"https:\/\/mathildeskropsterapi.dk\/index.php?rest_route=\/wp\/v2\/types\/page"}],"author":[{"embeddable":true,"href":"https:\/\/mathildeskropsterapi.dk\/index.php?rest_route=\/wp\/v2\/users\/1"}],"replies":[{"embeddable":true,"href":"https:\/\/mathildeskropsterapi.dk\/index.php?rest_route=%2Fwp%2Fv2%2Fcomments&post=79"}],"version-history":[{"count":12,"href":"https:\/\/mathildeskropsterapi.dk\/index.php?rest_route=\/wp\/v2\/pages\/79\/revisions"}],"predecessor-version":[{"id":464,"href":"https:\/\/mathildeskropsterapi.dk\/index.php?rest_route=\/wp\/v2\/pages\/79\/revisions\/464"}],"wp:attachment":[{"href":"https:\/\/mathildeskropsterapi.dk\/index.php?rest_route=%2Fwp%2Fv2%2Fmedia&parent=79"}],"curies":[{"name":"wp","href":"https:\/\/api.w.org\/{rel}","templated":true}]}}

Værd at vide

<div class="wp-block-columns is-layout-flex wp-container-core-columns-is-layout-d0b3c9c8 wp-block-columns-is-layout-flex">
<div class="wp-block-column is-layout-flow wp-block-column-is-layout-flow"></div>



<div class="wp-block-column is-layout-flow wp-block-column-is-layout-flow"></div>
</div>



<div class="wp-block-columns alignwide are-vertically-aligned-top is-layout-flex wp-container-core-columns-is-layout-d7d4a205 wp-block-columns-is-layout-flex">
<div class="wp-block-column is-vertically-aligned-top is-layout-flow wp-block-column-is-layout-flow">
<div class="wp-block-group wp-container-content-231d8afb is-vertical is-content-justification-left is-nowrap is-layout-flex wp-container-core-group-is-layout-d439c89b wp-block-group-is-layout-flex" style="margin-top:0;margin-bottom:0">
<div class="wp-block-group is-vertical is-nowrap is-layout-flex wp-container-core-group-is-layout-5280e479 wp-block-group-is-layout-flex">
<p><strong>Inden din behandling:</strong></p>



<p><br></p>



<ul class="wp-block-list">
<li>Husk kun dig selv: jeg har lagen og tæppe til dig. </li>
</ul>
</div>



<ul class="wp-block-list">
<li>Parkering kan ske på græsset foran huset eller ved &#8216;Grævlingehuset.&#8217;</li>
</ul>
</div>



<ul class="wp-block-list">
<li>Ankom gerne tæt på behandlingens starttidspunkt, da jeg desværre ikke har venteværelse. Min klinik er i eget hjem.</li>
</ul>



<div class="wp-block-group wp-container-content-231d8afb is-vertical is-content-justification-left is-nowrap is-layout-flex wp-container-core-group-is-layout-d439c89b wp-block-group-is-layout-flex" style="margin-top:0;margin-bottom:0">
<p></p>



<div class="wp-block-group is-vertical is-nowrap is-layout-flex wp-container-core-group-is-layout-5280e479 wp-block-group-is-layout-flex">
<ul class="wp-block-list">
<li>Kropsterapi og Japansk Lifting varer ca. 60 min. og Kombinationsbehandlingen varer ca. 90 min. inkl. tid til at komme af og på briksen m.m.</li>
</ul>
</div>



<p></p>



<div class="wp-block-group is-vertical is-nowrap is-layout-flex wp-container-core-group-is-layout-5280e479 wp-block-group-is-layout-flex">
<ul class="wp-block-list">
<li>Hvordan er det at være dig lige nu? &#8211; kan være et spørgsmål, jeg stiller ved en kropsterapeutisk behandling. Om du kan/vil svare, er op til dig. Det kan være, du har det bedst med &#8216;bare&#8217; at mærke din krop og ikke har brug for at dele dine tanker. Eller måske du har brug for at få sagt nogle følelser/tanker højt. En kropsterapeutisk behandling hos mig starter ikke nødvendigvis med en samtale. Som regel vil du ligge på briksen, og dér mærke, om du har noget, du vil dele.</li>
</ul>
</div>



<p></p>



<div class="wp-block-group is-vertical is-nowrap is-layout-flex wp-container-core-group-is-layout-5280e479 wp-block-group-is-layout-flex">
<ul class="wp-block-list">
<li>Kom som du er &#8211; jeg stiller ingen krav til dig 🧘🏼</li>
</ul>
</div>



<figure class="wp-block-image size-large is-style-rounded is-style-rounded--1"><img loading="lazy" decoding="async" width="1024" height="1024" src="https://mathildeskropsterapi.dk/wp-content/uploads/2024/08/Jeg-kan-bedst-beskrive-effekten-fra-behandlingen-som-naar-man-gaar-fra-en-fodbehandling-hvor-det-foeles-som-om-man-svaever-paa-skyerne.-2-1024x1024.png" alt="" class="wp-image-456" srcset="https://mathildeskropsterapi.dk/wp-content/uploads/2024/08/Jeg-kan-bedst-beskrive-effekten-fra-behandlingen-som-naar-man-gaar-fra-en-fodbehandling-hvor-det-foeles-som-om-man-svaever-paa-skyerne.-2-1024x1024.png 1024w, https://mathildeskropsterapi.dk/wp-content/uploads/2024/08/Jeg-kan-bedst-beskrive-effekten-fra-behandlingen-som-naar-man-gaar-fra-en-fodbehandling-hvor-det-foeles-som-om-man-svaever-paa-skyerne.-2-300x300.png 300w, https://mathildeskropsterapi.dk/wp-content/uploads/2024/08/Jeg-kan-bedst-beskrive-effekten-fra-behandlingen-som-naar-man-gaar-fra-en-fodbehandling-hvor-det-foeles-som-om-man-svaever-paa-skyerne.-2-150x150.png 150w, https://mathildeskropsterapi.dk/wp-content/uploads/2024/08/Jeg-kan-bedst-beskrive-effekten-fra-behandlingen-som-naar-man-gaar-fra-en-fodbehandling-hvor-det-foeles-som-om-man-svaever-paa-skyerne.-2-768x768.png 768w, https://mathildeskropsterapi.dk/wp-content/uploads/2024/08/Jeg-kan-bedst-beskrive-effekten-fra-behandlingen-som-naar-man-gaar-fra-en-fodbehandling-hvor-det-foeles-som-om-man-svaever-paa-skyerne.-2.png 1080w" sizes="auto, (max-width: 1024px) 100vw, 1024px" /></figure>
</div>
</div>



<div class="wp-block-column is-vertically-aligned-top is-layout-flow wp-block-column-is-layout-flow">
<div class="wp-block-group wp-container-content-231d8afb is-vertical is-layout-flex wp-container-core-group-is-layout-05b43539 wp-block-group-is-layout-flex" style="margin-top:0;margin-bottom:0">
<figure class="wp-block-image size-large is-style-rounded is-style-rounded--2"><img loading="lazy" decoding="async" width="1024" height="1024" src="https://mathildeskropsterapi.dk/wp-content/uploads/2024/08/Jeg-kan-bedst-beskrive-effekten-fra-behandlingen-som-naar-man-gaar-fra-en-fodbehandling-hvor-det-foeles-som-om-man-svaever-paa-skyerne.-3-1-1024x1024.png" alt="" class="wp-image-462" srcset="https://mathildeskropsterapi.dk/wp-content/uploads/2024/08/Jeg-kan-bedst-beskrive-effekten-fra-behandlingen-som-naar-man-gaar-fra-en-fodbehandling-hvor-det-foeles-som-om-man-svaever-paa-skyerne.-3-1-1024x1024.png 1024w, https://mathildeskropsterapi.dk/wp-content/uploads/2024/08/Jeg-kan-bedst-beskrive-effekten-fra-behandlingen-som-naar-man-gaar-fra-en-fodbehandling-hvor-det-foeles-som-om-man-svaever-paa-skyerne.-3-1-300x300.png 300w, https://mathildeskropsterapi.dk/wp-content/uploads/2024/08/Jeg-kan-bedst-beskrive-effekten-fra-behandlingen-som-naar-man-gaar-fra-en-fodbehandling-hvor-det-foeles-som-om-man-svaever-paa-skyerne.-3-1-150x150.png 150w, https://mathildeskropsterapi.dk/wp-content/uploads/2024/08/Jeg-kan-bedst-beskrive-effekten-fra-behandlingen-som-naar-man-gaar-fra-en-fodbehandling-hvor-det-foeles-som-om-man-svaever-paa-skyerne.-3-1-768x768.png 768w, https://mathildeskropsterapi.dk/wp-content/uploads/2024/08/Jeg-kan-bedst-beskrive-effekten-fra-behandlingen-som-naar-man-gaar-fra-en-fodbehandling-hvor-det-foeles-som-om-man-svaever-paa-skyerne.-3-1.png 1080w" sizes="auto, (max-width: 1024px) 100vw, 1024px" /></figure>



<p></p>



<p></p>



<p></p>



<p class="has-medium-font-size"><strong>Efter din behandling:</strong></p>



<ul class="wp-block-list">
<li>Prøv at få rigeligt vand at drikke i dagene efter en behandling for at udvaske den øgede udskillelse af affaldsstoffer fra kroppens celler.</li>
</ul>



<ul class="wp-block-list">
<li>Nogle kan opleve træthed, hovedpine og let svimmelhed.</li>
</ul>



<ul class="wp-block-list">
<li>Forløbet af videre behandlinger er individult efter den enkeltes behov. Jeg plejer at sige, at du skal mærke efter hvor hyppigt, du ønsker, behandlingerne skal forekomme &#8211; også afhængigt af, hvordan din hverdag og kalender ser ud.</li>
</ul>
</div>
</div>
</div>



<p></p>
