{"id":73,"date":"2024-08-18T14:27:06","date_gmt":"2024-08-18T12:27:06","guid":{"rendered":"https:\/\/mathildeskropsterapi.dk\/?page_id=73"},"modified":"2024-11-13T19:17:00","modified_gmt":"2024-11-13T18:17:00","slug":"om-mathilde","status":"publish","type":"page","link":"https:\/\/mathildeskropsterapi.dk\/?page_id=73","title":{"rendered":"Din behandler"},"content":{"rendered":"\n<div class=\"wp-block-group alignfull has-global-padding is-layout-constrained wp-block-group-is-layout-constrained\">\n<div class=\"wp-block-columns alignwide is-layout-flex wp-container-core-columns-is-layout-92eb02c5 wp-block-columns-is-layout-flex tw-large-gap\">\n<div class=\"wp-block-column is-style-default is-layout-flow wp-block-column-is-layout-flow\">\n<div class=\"wp-block-columns is-layout-flex wp-container-core-columns-is-layout-d0b3c9c8 wp-block-columns-is-layout-flex\">\n<div class=\"wp-block-column is-layout-flow wp-block-column-is-layout-flow\">\n<div class=\"wp-block-columns is-layout-flex wp-container-core-columns-is-layout-d0b3c9c8 wp-block-columns-is-layout-flex\">\n<div class=\"wp-block-column is-style-tw-shadow is-layout-flow wp-block-column-is-layout-flow\">\n<div class=\"wp-block-columns is-layout-flex wp-container-core-columns-is-layout-d0b3c9c8 wp-block-columns-is-layout-flex\">\n<div class=\"wp-block-column is-layout-flow wp-block-column-is-layout-flow\">\n<figure class=\"wp-block-image size-large is-resized is-style-tw-rounded-corners\"><img loading=\"lazy\" decoding=\"async\" width=\"1024\" height=\"173\" src=\"https:\/\/mathildeskropsterapi.dk\/wp-content\/uploads\/2024\/08\/Personligt-finder-jeg-det-saerligt-vaerdifuldt-at-kunne-skabe-et-rum-for-andre-til-deres-egenomsorg-personlige-rejse-eller-hvad-der-end-bringer-den-enkelte-til-min-briks.-4-1024x173.png\" alt=\"\" class=\"wp-image-512\" style=\"width:1283px;height:auto\" srcset=\"https:\/\/mathildeskropsterapi.dk\/wp-content\/uploads\/2024\/08\/Personligt-finder-jeg-det-saerligt-vaerdifuldt-at-kunne-skabe-et-rum-for-andre-til-deres-egenomsorg-personlige-rejse-eller-hvad-der-end-bringer-den-enkelte-til-min-briks.-4-1024x173.png 1024w, https:\/\/mathildeskropsterapi.dk\/wp-content\/uploads\/2024\/08\/Personligt-finder-jeg-det-saerligt-vaerdifuldt-at-kunne-skabe-et-rum-for-andre-til-deres-egenomsorg-personlige-rejse-eller-hvad-der-end-bringer-den-enkelte-til-min-briks.-4-300x51.png 300w, https:\/\/mathildeskropsterapi.dk\/wp-content\/uploads\/2024\/08\/Personligt-finder-jeg-det-saerligt-vaerdifuldt-at-kunne-skabe-et-rum-for-andre-til-deres-egenomsorg-personlige-rejse-eller-hvad-der-end-bringer-den-enkelte-til-min-briks.-4-768x130.png 768w, https:\/\/mathildeskropsterapi.dk\/wp-content\/uploads\/2024\/08\/Personligt-finder-jeg-det-saerligt-vaerdifuldt-at-kunne-skabe-et-rum-for-andre-til-deres-egenomsorg-personlige-rejse-eller-hvad-der-end-bringer-den-enkelte-til-min-briks.-4.png 1128w\" sizes=\"auto, (max-width: 1024px) 100vw, 1024px\" \/><\/figure>\n<\/div>\n<\/div>\n<\/div>\n<\/div>\n<\/div>\n<\/div>\n\n\n\n<p><\/p>\n\n\n\n<p><\/p>\n\n\n\n<div class=\"wp-block-columns is-layout-flex wp-container-core-columns-is-layout-d0b3c9c8 wp-block-columns-is-layout-flex\">\n<div class=\"wp-block-column is-layout-flow wp-block-column-is-layout-flow\">\n<p style=\"font-size:clamp(18px, 1.125rem + ((1vw - 3.2px) * 0.208), 20px);line-height:1.7\">Jeg blev f\u00e6rdiguddannet kropsterapeut v. Totum, Skolen for Kropsterapi, i januar 2022. I marts 2022 tog jeg et kursus i Japansk Lifting. Ligeledes deltog jeg i et kursus om dybdeg\u00e5ende behandling af psoas-musklen samt k\u00e6besp\u00e6ndinger i november 2024. <\/p>\n\n\n\n<p style=\"font-size:clamp(18px, 1.125rem + ((1vw - 3.2px) * 0.208), 20px);line-height:1.7\">Min egen rejse ind i den holistiske verden startede ved en oplevelse af pludseligt ikke at kunne t\u00e5le forskellige madvarer. Jeg knoklede i livet, p\u00e5 mine jobs, i tr\u00e6ningscentret og generelt havde fart p\u00e5. Jeg koblede dog ikke disse ting sammen f\u00f8rend, at der kom mere ro i min tilv\u00e6relse og pludseligt kunne t\u00e5le madvarerne igen uden at f\u00e5 mavekramper og lignende. Herefter fandt jeg ud af, at der var en pris ved at knokle, holde i, k\u00e6mpe og m\u00e5ske endda flygte fra noget. Prisen var stress &#8211; og hos mig var stressen prim\u00e6rt placeret i maven, idet jeg havde glemt at tr\u00e6kke vejret og m\u00e6rke mig selv.<\/p>\n\n\n\n<p style=\"font-size:clamp(18px, 1.125rem + ((1vw - 3.2px) * 0.208), 20px);line-height:1.7\">En dag st\u00f8dte jeg p\u00e5 kropsterapien. Tilf\u00e6ldigt, men heldigt. For det blev begyndelsen p\u00e5 mere selvindsigt, balance og forst\u00e5else for mig selv. Jeg fik en behandling af en dygtig kropsterapeut, der s\u00e5 mig. Han behandlede min mave ved hj\u00e6lp af nogle dybe tryk i diafragma (mellemgulvet) og m\u00e6rkede, at min vejrtr\u00e6kning var overfladisk, og at jeg k\u00e6mpede. Kampen bestod bl.a. i at mangle grundf\u00f8lelsen i at have lov til at v\u00e6re til samt manglende selvv\u00e6rd &#8211; nogle af disse f\u00f8lelser, som jeg flygtede fra at m\u00e6rke ved at arbejde h\u00e5rdt.<\/p>\n\n\n\n<p style=\"font-size:clamp(18px, 1.125rem + ((1vw - 3.2px) * 0.208), 20px);line-height:1.7\">Efter flere behandlinger m\u00e6rkede jeg fornemmelsen af at have en krop, som var forbundet med mit sind &#8211; at jeg kunne f\u00e5 nogle bestemte f\u00f8lelser frem i behandlingen, hvis kropsterapeuten trykkede p\u00e5 f.eks. l\u00e5rene. P\u00e5 den m\u00e5de kunne kropsterapeuten og jeg via min krop behandle flere grundl\u00e6ggende f\u00f8lelser. Sommetider fik jeg en &#8220;aha-oplevelse&#8221; omkring, at et tryk et bestemt sted p\u00e5 kroppen kunne kobles til en f\u00f8lelse eller oplevelse, hvilket var med til at give en lettelse. Andre gange kunne et bestemt tryk l\u00f8sne op for sp\u00e6ndinger i kroppen og frigav derefter en lettere krop at b\u00e6re rundt p\u00e5.<\/p>\n\n\n\n<p style=\"font-size:clamp(18px, 1.125rem + ((1vw - 3.2px) * 0.208), 20px);line-height:1.7\">Tanker kan f\u00f8les som virkelighed, hvis de tager over: f.eks. tanker om ikke at v\u00e6re god nok, ikke at m\u00e5 fylde, sige fra og lignende. Da jeg ved hj\u00e6lp af \u00e5ndedr\u00e6ttet fik mere fokus p\u00e5, hvordan min krop f\u00f8ltes, og tankerne kom i baggrunden, fik jeg skabt plads til mig selv og troen p\u00e5, at jeg godt m\u00e5 v\u00e6re her.<\/p>\n\n\n\n<p style=\"font-size:clamp(18px, 1.125rem + ((1vw - 3.2px) * 0.208), 20px);line-height:1.7\"><\/p>\n\n\n\n<p style=\"font-size:clamp(18px, 1.125rem + ((1vw - 3.2px) * 0.208), 20px);line-height:1.7\">Jeg kunne forts\u00e6tte dette skriv med en l\u00e6ngere beretning, men jeg v\u00e6lger at stoppe her. M\u00e5ske du st\u00e5r i noget lignende, eller kender \u00e9n der g\u00f8r. Og det er pr\u00e6cis derfor, jeg f\u00f8ler, at mit holistiske arbejde er vigtigt. Jeg \u00f8nsker med Mathildes Kropsterapi at skabe en helhedsoplevelse, der tager h\u00e5nd om b\u00e5de din krop og dit sind.<\/p>\n\n\n\n<p style=\"font-size:clamp(18px, 1.125rem + ((1vw - 3.2px) * 0.208), 20px);line-height:1.7\">Velkommen til &#8211; og tak fordi du har l\u00e6st med indtil nu.<\/p>\n\n\n\n<p style=\"font-size:clamp(18px, 1.125rem + ((1vw - 3.2px) * 0.208), 20px);line-height:1.7\">Lad din rejse begynde \ud83d\ude4f\ud83c\udffb <\/p>\n\n\n\n<p style=\"font-size:clamp(18px, 1.125rem + ((1vw - 3.2px) * 0.625), 24px);line-height:1.7\"><\/p>\n<\/div>\n\n\n\n<div class=\"wp-block-column is-layout-flow wp-block-column-is-layout-flow\">\n<div style=\"height:132px\" aria-hidden=\"true\" class=\"wp-block-spacer\"><\/div>\n\n\n\n<figure class=\"wp-block-image size-large is-style-rounded is-style-rounded--1 tw-block-animation tw-animation-fade-in\"><img loading=\"lazy\" decoding=\"async\" width=\"768\" height=\"1024\" src=\"https:\/\/mathildeskropsterapi.dk\/wp-content\/uploads\/2024\/08\/IMG_4780-768x1024.jpeg\" alt=\"\" class=\"wp-image-445\" srcset=\"https:\/\/mathildeskropsterapi.dk\/wp-content\/uploads\/2024\/08\/IMG_4780-768x1024.jpeg 768w, https:\/\/mathildeskropsterapi.dk\/wp-content\/uploads\/2024\/08\/IMG_4780-225x300.jpeg 225w, https:\/\/mathildeskropsterapi.dk\/wp-content\/uploads\/2024\/08\/IMG_4780-1152x1536.jpeg 1152w, https:\/\/mathildeskropsterapi.dk\/wp-content\/uploads\/2024\/08\/IMG_4780-1536x2048.jpeg 1536w, https:\/\/mathildeskropsterapi.dk\/wp-content\/uploads\/2024\/08\/IMG_4780-scaled.jpeg 1920w\" sizes=\"auto, (max-width: 768px) 100vw, 768px\" \/><\/figure>\n<\/div>\n<\/div>\n<\/div>\n<\/div>\n<\/div>\n","protected":false},"excerpt":{"rendered":"<p>Jeg blev f\u00e6rdiguddannet kropsterapeut v. Totum, Skolen for Kropsterapi, i januar 2022. I marts 2022 tog jeg et kursus i Japansk Lifting. Ligeledes deltog jeg i et kursus om dybdeg\u00e5ende behandling af psoas-musklen samt k\u00e6besp\u00e6ndinger i november 2024. Min egen rejse ind i den holistiske verden startede ved en oplevelse af pludseligt ikke at kunne [&hellip;]<\/p>\n","protected":false},"author":1,"featured_media":0,"parent":0,"menu_order":1,"comment_status":"closed","ping_status":"closed","template":"","meta":{"footnotes":""},"class_list":["post-73","page","type-page","status-publish","hentry"],"_links":{"self":[{"href":"https:\/\/mathildeskropsterapi.dk\/index.php?rest_route=\/wp\/v2\/pages\/73","targetHints":{"allow":["GET"]}}],"collection":[{"href":"https:\/\/mathildeskropsterapi.dk\/index.php?rest_route=\/wp\/v2\/pages"}],"about":[{"href":"https:\/\/mathildeskropsterapi.dk\/index.php?rest_route=\/wp\/v2\/types\/page"}],"author":[{"embeddable":true,"href":"https:\/\/mathildeskropsterapi.dk\/index.php?rest_route=\/wp\/v2\/users\/1"}],"replies":[{"embeddable":true,"href":"https:\/\/mathildeskropsterapi.dk\/index.php?rest_route=%2Fwp%2Fv2%2Fcomments&post=73"}],"version-history":[{"count":30,"href":"https:\/\/mathildeskropsterapi.dk\/index.php?rest_route=\/wp\/v2\/pages\/73\/revisions"}],"predecessor-version":[{"id":551,"href":"https:\/\/mathildeskropsterapi.dk\/index.php?rest_route=\/wp\/v2\/pages\/73\/revisions\/551"}],"wp:attachment":[{"href":"https:\/\/mathildeskropsterapi.dk\/index.php?rest_route=%2Fwp%2Fv2%2Fmedia&parent=73"}],"curies":[{"name":"wp","href":"https:\/\/api.w.org\/{rel}","templated":true}]}}

<div class="wp-block-group alignfull has-global-padding is-layout-constrained wp-block-group-is-layout-constrained">
<div class="wp-block-columns alignwide is-layout-flex wp-container-core-columns-is-layout-92eb02c5 wp-block-columns-is-layout-flex tw-large-gap">
<div class="wp-block-column is-style-default is-layout-flow wp-block-column-is-layout-flow">
<div class="wp-block-columns is-layout-flex wp-container-core-columns-is-layout-d0b3c9c8 wp-block-columns-is-layout-flex">
<div class="wp-block-column is-layout-flow wp-block-column-is-layout-flow">
<div class="wp-block-columns is-layout-flex wp-container-core-columns-is-layout-d0b3c9c8 wp-block-columns-is-layout-flex">
<div class="wp-block-column is-style-tw-shadow is-layout-flow wp-block-column-is-layout-flow">
<div class="wp-block-columns is-layout-flex wp-container-core-columns-is-layout-d0b3c9c8 wp-block-columns-is-layout-flex">
<div class="wp-block-column is-layout-flow wp-block-column-is-layout-flow">
<figure class="wp-block-image size-large is-resized is-style-tw-rounded-corners"><img loading="lazy" decoding="async" width="1024" height="173" src="https://mathildeskropsterapi.dk/wp-content/uploads/2024/08/Personligt-finder-jeg-det-saerligt-vaerdifuldt-at-kunne-skabe-et-rum-for-andre-til-deres-egenomsorg-personlige-rejse-eller-hvad-der-end-bringer-den-enkelte-til-min-briks.-4-1024x173.png" alt="" class="wp-image-512" style="width:1283px;height:auto" srcset="https://mathildeskropsterapi.dk/wp-content/uploads/2024/08/Personligt-finder-jeg-det-saerligt-vaerdifuldt-at-kunne-skabe-et-rum-for-andre-til-deres-egenomsorg-personlige-rejse-eller-hvad-der-end-bringer-den-enkelte-til-min-briks.-4-1024x173.png 1024w, https://mathildeskropsterapi.dk/wp-content/uploads/2024/08/Personligt-finder-jeg-det-saerligt-vaerdifuldt-at-kunne-skabe-et-rum-for-andre-til-deres-egenomsorg-personlige-rejse-eller-hvad-der-end-bringer-den-enkelte-til-min-briks.-4-300x51.png 300w, https://mathildeskropsterapi.dk/wp-content/uploads/2024/08/Personligt-finder-jeg-det-saerligt-vaerdifuldt-at-kunne-skabe-et-rum-for-andre-til-deres-egenomsorg-personlige-rejse-eller-hvad-der-end-bringer-den-enkelte-til-min-briks.-4-768x130.png 768w, https://mathildeskropsterapi.dk/wp-content/uploads/2024/08/Personligt-finder-jeg-det-saerligt-vaerdifuldt-at-kunne-skabe-et-rum-for-andre-til-deres-egenomsorg-personlige-rejse-eller-hvad-der-end-bringer-den-enkelte-til-min-briks.-4.png 1128w" sizes="auto, (max-width: 1024px) 100vw, 1024px" /></figure>
</div>
</div>
</div>
</div>
</div>
</div>



<p></p>



<p></p>



<div class="wp-block-columns is-layout-flex wp-container-core-columns-is-layout-d0b3c9c8 wp-block-columns-is-layout-flex">
<div class="wp-block-column is-layout-flow wp-block-column-is-layout-flow">
<p style="font-size:clamp(18px, 1.125rem + ((1vw - 3.2px) * 0.208), 20px);line-height:1.7">Jeg blev færdiguddannet kropsterapeut v. Totum, Skolen for Kropsterapi, i januar 2022. I marts 2022 tog jeg et kursus i Japansk Lifting. Ligeledes deltog jeg i et kursus om dybdegående behandling af psoas-musklen samt kæbespændinger i november 2024. </p>



<p style="font-size:clamp(18px, 1.125rem + ((1vw - 3.2px) * 0.208), 20px);line-height:1.7">Min egen rejse ind i den holistiske verden startede ved en oplevelse af pludseligt ikke at kunne tåle forskellige madvarer. Jeg knoklede i livet, på mine jobs, i træningscentret og generelt havde fart på. Jeg koblede dog ikke disse ting sammen førend, at der kom mere ro i min tilværelse og pludseligt kunne tåle madvarerne igen uden at få mavekramper og lignende. Herefter fandt jeg ud af, at der var en pris ved at knokle, holde i, kæmpe og måske endda flygte fra noget. Prisen var stress &#8211; og hos mig var stressen primært placeret i maven, idet jeg havde glemt at trække vejret og mærke mig selv.</p>



<p style="font-size:clamp(18px, 1.125rem + ((1vw - 3.2px) * 0.208), 20px);line-height:1.7">En dag stødte jeg på kropsterapien. Tilfældigt, men heldigt. For det blev begyndelsen på mere selvindsigt, balance og forståelse for mig selv. Jeg fik en behandling af en dygtig kropsterapeut, der så mig. Han behandlede min mave ved hjælp af nogle dybe tryk i diafragma (mellemgulvet) og mærkede, at min vejrtrækning var overfladisk, og at jeg kæmpede. Kampen bestod bl.a. i at mangle grundfølelsen i at have lov til at være til samt manglende selvværd &#8211; nogle af disse følelser, som jeg flygtede fra at mærke ved at arbejde hårdt.</p>



<p style="font-size:clamp(18px, 1.125rem + ((1vw - 3.2px) * 0.208), 20px);line-height:1.7">Efter flere behandlinger mærkede jeg fornemmelsen af at have en krop, som var forbundet med mit sind &#8211; at jeg kunne få nogle bestemte følelser frem i behandlingen, hvis kropsterapeuten trykkede på f.eks. lårene. På den måde kunne kropsterapeuten og jeg via min krop behandle flere grundlæggende følelser. Sommetider fik jeg en &#8220;aha-oplevelse&#8221; omkring, at et tryk et bestemt sted på kroppen kunne kobles til en følelse eller oplevelse, hvilket var med til at give en lettelse. Andre gange kunne et bestemt tryk løsne op for spændinger i kroppen og frigav derefter en lettere krop at bære rundt på.</p>



<p style="font-size:clamp(18px, 1.125rem + ((1vw - 3.2px) * 0.208), 20px);line-height:1.7">Tanker kan føles som virkelighed, hvis de tager over: f.eks. tanker om ikke at være god nok, ikke at må fylde, sige fra og lignende. Da jeg ved hjælp af åndedrættet fik mere fokus på, hvordan min krop føltes, og tankerne kom i baggrunden, fik jeg skabt plads til mig selv og troen på, at jeg godt må være her.</p>



<p style="font-size:clamp(18px, 1.125rem + ((1vw - 3.2px) * 0.208), 20px);line-height:1.7"></p>



<p style="font-size:clamp(18px, 1.125rem + ((1vw - 3.2px) * 0.208), 20px);line-height:1.7">Jeg kunne fortsætte dette skriv med en længere beretning, men jeg vælger at stoppe her. Måske du står i noget lignende, eller kender én der gør. Og det er præcis derfor, jeg føler, at mit holistiske arbejde er vigtigt. Jeg ønsker med Mathildes Kropsterapi at skabe en helhedsoplevelse, der tager hånd om både din krop og dit sind.</p>



<p style="font-size:clamp(18px, 1.125rem + ((1vw - 3.2px) * 0.208), 20px);line-height:1.7">Velkommen til &#8211; og tak fordi du har læst med indtil nu.</p>



<p style="font-size:clamp(18px, 1.125rem + ((1vw - 3.2px) * 0.208), 20px);line-height:1.7">Lad din rejse begynde 🙏🏻 </p>



<p style="font-size:clamp(18px, 1.125rem + ((1vw - 3.2px) * 0.625), 24px);line-height:1.7"></p>
</div>



<div class="wp-block-column is-layout-flow wp-block-column-is-layout-flow">
<div style="height:132px" aria-hidden="true" class="wp-block-spacer"></div>



<figure class="wp-block-image size-large is-style-rounded is-style-rounded--1 tw-block-animation tw-animation-fade-in"><img loading="lazy" decoding="async" width="768" height="1024" src="https://mathildeskropsterapi.dk/wp-content/uploads/2024/08/IMG_4780-768x1024.jpeg" alt="" class="wp-image-445" srcset="https://mathildeskropsterapi.dk/wp-content/uploads/2024/08/IMG_4780-768x1024.jpeg 768w, https://mathildeskropsterapi.dk/wp-content/uploads/2024/08/IMG_4780-225x300.jpeg 225w, https://mathildeskropsterapi.dk/wp-content/uploads/2024/08/IMG_4780-1152x1536.jpeg 1152w, https://mathildeskropsterapi.dk/wp-content/uploads/2024/08/IMG_4780-1536x2048.jpeg 1536w, https://mathildeskropsterapi.dk/wp-content/uploads/2024/08/IMG_4780-scaled.jpeg 1920w" sizes="auto, (max-width: 768px) 100vw, 768px" /></figure>
</div>
</div>
</div>
</div>
</div>

<p>Jeg blev færdiguddannet kropsterapeut v. Totum, Skolen for Kropsterapi, i januar 2022. I marts 2022 tog jeg et kursus i Japansk Lifting. Ligeledes deltog jeg i et kursus om dybdegående behandling af psoas-musklen samt kæbespændinger i november 2024. Min egen rejse ind i den holistiske verden startede ved en oplevelse af pludseligt ikke at kunne [&hellip;]</p>
